vided by 9?
7
Suppose 0 = -3*l + 2*v + 19069, 6354 = l - 172*v + 171*v. Calculate the remainder when l is divided by 21.
19
Suppose -140 = 64*a - 57*a. What is the remainder when 94 is divided by (4/a)/(7/(-665))?
18
Suppose b + 5 = 0, -3*k = -44*b + 41*b - 432. Calculate the remainder when k is divided by 72.
67
Suppose 426*h - 45162 - 38334 = 0. Let c(n) = 4*n**2 - 7*n + 4. What is the remainder when h is divided by c(4)?
36
Let b(k) = -9*k**3 + 2*k**2 + 4*k + 5. Let z be b(-1). Suppose 3*g + z*o - 403 = 16*o, -5*g + 693 = 4*o. Calculate the remainder when g is divided by 4.
1
Suppose 4*a - 312 = -4*w + 92, -4*w + 403 = 3*a. Calculate the remainder when w is divided by (3/(-2))/(170/88 + -2).
12
Suppose 0 = 6504*k - 6500*k + 4, 5*b + 5*k = 845. What is the remainder when 187 is divided by b?
17
Suppose -19*q - 228 = -23*q - w, 12 = 3*w. What is the remainder when 6103 is divided by q?
55
Let u(y) = 2*y**2 + 129*y + 1140. Calculate the remainder when 447 is divided by u(-10).
47
Let w(v) = -v**2 - 14*v - 26. What is the remainder when -7*((-20 - -3)*1)/1 is divided by w(-8)?
9
Suppose -895*k + 890*k + 295 = 0. Calculate the remainder when 705 is divided by k.
56
Let q = 17 + -9. Let n be ((-42)/8)/(48/256). Let w = 9 - n. Calculate the remainder when w is divided by q.
5
Suppose -5149*d + 35960 = -5033*d. What is the remainder when d is divided by 2/(-4) - (-91)/2?
40
Let d be (-1)/(6/116)*3. Let k = 62 + d. What is the remainder when (-15 + 9)*(-1 + (-26)/k) is divided by 16?
13
Suppose 3165 = -10*t + 4145. What is the remainder when 117 is divided by t?
19
Let a = 3922 - 1377. Calculate the remainder when a is divided by 14.
11
Let p(q) = 5*q**2 + 10*q**2 + 2 - 8*q + 6*q**3 - 5*q**3 - 4. Calculate the remainder when p(-8) is divided by 64.
62
Suppose -1305 = -18*s + 9*s. Suppose 0 = -s*o + 139*o + 144. What is the remainder when o is divided by 13?
11
Let p = 10641 + -7606. Calculate the remainder when p is divided by 49.
46
Calculate the remainder when 191 is divided by (180/(-120))/(6/(-44)).
4
Let l = -631 + 69. Let y = -525 - l. Calculate the remainder when 157 is divided by y.
9
Calculate the remainder when ((2352/105)/28)/(2/1920) is divided by 766.
2
Let m(k) = 56*k - 178. Let j be m(12). Let o = 517 - j. What is the remainder when 413 is divided by o?
22
Suppose b + 0*b = 85. Let u be (4/(3 + -1) - -1)/1. Calculate the remainder when b is divided by 0 + u + -3 + 38 + 6.
41
Let l(o) = o**3 - 3*o**2 + 5*o - 11. Let n be l(3). Calculate the remainder when (-326)/4*-1 - 2/n is divided by (-581)/(-14) + 1/2.
39
Let k = 13 - -1. Suppose 0 = 5*l - 3*x - 73, 18*l - 76 = k*l - 2*x. Calculate the remainder when 152 is divided by l.
16
Let n = -8 - -20. Suppose -3*m = -356 - 442. What is the remainder when 5206/m + 8/(-14) is divided by n?
7
Let q = -24 - -38. Suppose -9 - q = -r. Calculate the remainder when ((-63)/2 - 2)*-2 is divided by r.
21
Suppose -7*i + 155 = -2*i. Suppose -43 - 157 = 40*d. Calculate the remainder when i is divided by (3/(-9))/(d/(-165)*-1).
9
Let l(z) be the second derivative of z**5/20 - 3*z**4/2 - 5*z**3/3 + 7*z**2 + 150*z. Calculate the remainder when l(19) is divided by 64.
57
Let b = 24 - 12. Let j = 95 - 82. Suppose -3*c - 2*l = -122, j = -c + 2*l + 67. Calculate the remainder when c is divided by b.
8
Let p = -3503 + 3524. Calculate the remainder when 271 is divided by p.
19
Suppose -s = -2*k - 930, -s - 2*k - 2*k + 912 = 0. Suppose s + 136 = 20*f. What is the remainder when f is divided by 11?
9
Let n = -1461644 - -1461672. Suppose -2*t - 102 = -4*t. What is the remainder when t is divided by n?
23
Let p(j) = j**2 - 12*j + 41. Let h be p(14). Suppose c = -h + 83. What is the remainder when 95 is divided by c?
11
Suppose 3*l - 437 = -125. Let g(m) = -5*m + 153. What is the remainder when l is divided by g(27)?
14
Suppose -3*d - 4*p + 7 = 0, 6 + 14 = 2*d - 5*p. What is the remainder when 23 is divided by d?
3
Suppose -2*o + 2*g + 276 = 0, 32*o - 5*g - 1110 = 24*o. What is the remainder when o is divided by 121?
19
Suppose -6*s + 251 = -439. Let r(n) = n**2 - 2*n - 6. Let j be r(-4). What is the remainder when s is divided by (13/2)/(9/j)?
11
Suppose -3 = 2*j - 5*k, 3*j + 3*k + 43 = j. Let u = -1203 - -1276. Let o = u + j. What is the remainder when o is divided by 21?
17
Suppose 5*c = 6*c, -4*o - 3*c = -44. What is the remainder when 315 is divided by o?
7
Let l(j) = -2*j - 54. Let u = -1 - -3. What is the remainder when (164/2)/u*1 is divided by l(-35)?
9
Calculate the remainder when (-5)/(5/(-294)) + (9 - (-32)/(-4)) is divided by 55.
20
Suppose -10*g - 120 = -12*g. Let z(h) = -h**3 - 7*h**2 - 7*h - 1. Let p be z(-5). Let j = 0 - p. What is the remainder when g is divided by j?
12
Let i(z) = 118*z**2 + 2*z + 1. Let v be i(-1). Suppose 4*w - v = 15. What is the remainder when (2328/(-168))/(2/(-14)) is divided by w?
31
Let n be 2 - 6 - (-7 + -117). Let d = n - 104. What is the remainder when 156 is divided by d?
12
Let o = 475 + -255. Let f(r) = 57*r**2 + 2*r - 3. Calculate the remainder when o is divided by f(1).
52
Suppose -5*w - 15 = -10*w. Suppose -2*l = w*l - 2*i - 354, 150 = 2*l + 2*i. Calculate the remainder when l is divided by 19.
15
Suppose -11*h - 8*h + 1340 = -1092. Calculate the remainder when 2559 is divided by h.
127
Let g = 1253 - 1239. What is the remainder when 624 is divided by g?
8
Let f(t) = t**3 + 9*t**2 - 11*t - 7. Let n be f(-10). Suppose n*w - 15*c = -11*c + 386, 493 = 4*w - c. Calculate the remainder when w is divided by 33.
23
Let r = 19562 + -19554. Let v = 4 - -4. Calculate the remainder when v is divided by r.
0
Let m = 883 + -512. Let v = -263 + m. Calculate the remainder when v is divided by 8.
4
Let q be 133 - 20/8*(-8)/5. Suppose -310 = -142*c + q*c. Calculate the remainder when c is divided by 13.
10
Suppose 4*t + 9 = -5*w + 30, -2*w - t + 9 = 0. Let j be (4 + -4 + -6)/(-2). Calculate the remainder when w is divided by j/5*(-125)/(-225)*15.
0
Let c(q) = -78*q + 4. Let j be (40/4 - 3)/1. Let m(l) = l**3 - 7*l**2 - 1. Let n be m(j). What is the remainder when c(n) is divided by 17?
14
Let s = -14959 + 14998. Suppose 2*l + 3*x = 37, -x = 2*l - l - 17. Calculate the remainder when s is divided by l.
11
Suppose 0 = 18*r - 8903 + 479. Calculate the remainder when r is divided by 133.
69
Suppose 0 = -60*x + 56*x + u + 87, -4*x - 3*u + 75 = 0. What is the remainder when 267 is divided by x?
15
Suppose 2 = k - 4. Let c = 30 + -30. Suppose -5*s - 5*y = -4*s - 9, c = -s - y + 25. Calculate the remainder when s is divided by k.
5
Let f be (5 - 2)/((-12)/28). Let h be (-87)/f*1 + 3/(-7). Suppose h + 4 = m. Calculate the remainder when 46 is divided by m.
14
Let h(z) = -8*z - 60. Let m be h(-7). Calculate the remainder when 115 is divided by (-132)/m + -2*2.
28
Suppose -17*d = 5*x - 16*d - 1350, 2*d = x - 270. Calculate the remainder when x is divided by 64.
14
Suppose 134 = 3*u - 4*k, 2*k = 562*u - 565*u + 122. Calculate the remainder when 2184 is divided by u.
0
Let s(l) = 16*l - 23. Let q be s(3). Let j be 1/(-5) - 1795/q. Let g = 299 + j. What is the remainder when g is divided by 46?
43
Let h = -108 + 110. Suppose -5*x + 199 = h*t, -4*t + 47 = 4*x - 3*x. What is the remainder when x is divided by 11?
6
Suppose 8 = -2*a, 4*j - 8*j + 5*a = 284. Let t = 72 + j. What is the remainder when 173 is divided by 10/t*-116*5/25?
57
Let f = -35 + 40. Suppose -3*w + 560 = f*w. Suppose -5*a + 2*a + w = 5*n, -n = -3*a + 40. What is the remainder when 44 is divided by a?
14
Let i be 5*(-2 + (7 - 3)). Suppose 4*g + 11*o = i*o + 170, -o = 5*g - 212. What is the remainder when 74 is divided by g?
32
Suppose -3*u + 1 = -11, -2*g + 3*u + 1628 = 0. Suppose 34*k = 438 + g. Calculate the remainder when 82 is divided by k.
8
Let x(g) = 3*g**2 - 2*g - 76. Calculate the remainder when 216 is divided by x(-5).
0
Let j = -14 - -26. Let a = -1120 + 1191. Calculate the remainder when a is divided by j.
11
Let x be 4/14 + 278/7. Let j(m) = 78*m**2 + 247*m + 12. Let d be j(-3). Let l = d + x. Calculate the remainder when 115 is divided by l.
11
Let r = 1023 - 725. Suppose 0 = 4*s - d - 283, 0 = 4*s + 4*d - 2*d - r. Suppose -2025*w + 2020*w = -95. What is the remainder when s is divided by w?
15
Suppose -2*u + 9 = 